me factors of 1/(-2)*(9 - 27).
3
Let y be -2 - (-1 + -1) - 91. List the prime factors of 2/(-6) + y/(-21).
2
Suppose -5*n = -18 - 2. Let l(d) = -d**3 + 5*d**2 - 4*d + 3. List the prime factors of l(n).
3
Let d = 30 - 0. List the prime factors of d.
2, 3, 5
Let q be ((-36)/(-21))/(2/14). List the prime factors of q + (-3 - -3) + 3.
3, 5
Suppose -b = -6 - 14. Let p = b - -9. List the prime factors of p.
29
Suppose 46 = 4*b + 130. Let j = b - -32. List the prime factors of j.
11
Suppose 8*z = z + 679. List the prime factors of z.
97
Let s = -7 + 12. Let q(t) = -t - 1. Let y(g) = 2. Let n(h) = -q(h) - y(h). What are the prime factors of n(s)?
2
Let g(t) = -3*t - 7. Suppose 2*i - 6*i + 116 = 0. Suppose y = -4*m + 11 - i, -4*m - 12 = 0. List the prime factors of g(y).
11
Let x be 24/32 + (-74)/(-8). Suppose b - x = -0. List the prime factors of b.
2, 5
Let i be 0 + (-99 - -3) + -3. Let o = i + 149. What are the prime factors of o?
2, 5
Suppose 0 = -3*z - 2*z. Suppose 0*w + 5*w + 10 = z, 0 = p + 2*w - 13. List the prime factors of p.
17
List the prime factors of (-212)/(-20) + 4/10.
11
Let a(i) = i**2 - 2*i + 2. Let t be a(2). What are the prime factors of (115/(-15))/(t/(-6))?
23
Let k = 11 + -6. Suppose 22 = -m + k*m + 2*s, -2*m = -2*s - 14. What are the prime factors of m?
2, 3
Let d(j) = j**3 - 11*j**2 - 12. Let c be d(11). Let a = c - -25. What are the prime factors of a?
13
Suppose -g + 3 = -1. What are the prime factors of ((-32)/8)/(g/(-6))?
2, 3
Let n = 0 + 12. Suppose d - 4*s = 0, s = 3*d - n + 34. Let r = -5 - d. What are the prime factors of r?
3
Suppose p + 3*f + 7 = 0, 2*p + 4*f = -0*p - 6. Suppose -2*o - 10 = -5*g, 2*o + p = g - 5. List the prime factors of 87/15 + (-1)/o.
2, 3
Let o be (-2 - -2) + 1 - -3. What are the prime factors of o*(0 + 21/12)?
7
Let o be (1 + -1)/4 + 39. Let v = o - 24. What are the prime factors of v?
3, 5
Suppose 2*j + 2*f = 6, 7 - 17 = 2*j - 2*f. Let l(b) = 2*b**2 - b. List the prime factors of l(j).
3
Suppose 2*s - 104 = -2*s. List the prime factors of s.
2, 13
Suppose -4*l - 4*z - 33 = -85, 2*l - 11 = z. Suppose 0*k + l = 4*k. Suppose -k*o - o = -39. List the prime factors of o.
13
Let f = 178 + -50. List the prime factors of f.
2
Let z(m) = -m + 3 + 3 - 3 + 4*m. List the prime factors of z(3).
2, 3
Suppose 0*w = 5*w + 10. Suppose 5*f + 2*d - 6 = 14, 0 = -f + 4*d + 26. What are the prime factors of 99/f*w/(-3)?
11
Suppose -12 + 28 = 4*d. Let m(u) = -u**2 + 10*u - 9. List the prime factors of m(d).
3, 5
Let o(k) = 7*k**2 + 8*k - 1. What are the prime factors of o(-4)?
79
Let g = -58 - -102. What are the prime factors of g?
2, 11
Suppose 2*i - 4*i = -224. What are the prime factors of i?
2, 7
Suppose 0 = 4*p - 2*a + 18, 2*p + 4*a + 17 = -17. Suppose 2*b = 4*q + 5*b - 43, -5*q + 77 = -4*b. Let u = q + p. What are the prime factors of u?
2, 3
Let j be -3*3/(-9)*-1. Let k = -3 - j. Let q(z) = -2*z**3 - z**2 + 2*z + 1. List the prime factors of q(k).
3
What are the prime factors of 5/15 - (-1030)/6?
2, 43
Suppose 0 = -5*n - 0*n + 5. Suppose 5*o - 11 = o + 3*d, -5*d = 3*o - n. Suppose -v + 6 = o*v. List the prime factors of v.
2
Let f(s) = s - 4. Let y be f(9). Suppose y*h = 5*z + 45, 29 = 4*h - z - 16. List the prime factors of h.
2, 3
Let r(o) = o**3 + 20*o**2 + 11*o + 12. What are the prime factors of r(-19)?
2, 41
Suppose o - 169 = -3*t, 0 = -3*o + 8*t - 5*t + 447. What are the prime factors of o?
2, 7, 11
Let x(n) = -n**3 - 12*n**2 - 12*n + 5. Suppose 2*a - 33 = 5*a. List the prime factors of x(a).
2
Let f(u) = -2*u**2 + u - 5. Let b be f(5). Let l = b - -70. List the prime factors of l.
2, 5
Let n(m) = -3*m**3 - 4*m**2 + m + 2. Let q be n(-3). List the prime factors of (q/(-8))/(1/(-2)).
11
Suppose 0 = -2*s - 0*s + 38. Suppose 2*j = 61 - s. Let p = -13 + j. What are the prime factors of p?
2
Suppose 0 = -2*s - s + 6. What are the prime factors of s?
2
Suppose -4*n + 82 = -154. List the prime factors of n.
59
Let k be (-1)/(0 + (-3)/9). Let n(y) = -y**3 + 5*y**2 - 2*y + 1. List the prime factors of n(k).
13
Suppose k = -2*i - k - 26, -5*k + 97 = -4*i. Let u = i + 39. List the prime factors of u.
3, 7
Suppose -2 = l - 17. List the prime factors of 2/2*(0 + l).
3, 5
Let z be (-2)/7 + (-128)/(-7). Suppose -5*f + 3*f - 18 = 0. Let g = f + z. What are the prime factors of g?
3
Suppose -5*c + 122 = -2*h, -4*c + 7*h + 84 = 2*h. What are the prime factors of (-1)/(-3) - c/(-3)?
3
Suppose 3*j = -h - 1, 0 = 3*h - 2*h + j - 1. Suppose -x = -h - 0. What are the prime factors of x?
2
Let z be 1/(-3) - 980/(-42). Let d = 35 - z. What are the prime factors of d?
2, 3
Suppose 89 - 5 = 3*j. List the prime factors of j.
2, 7
Let j = 933 - 616. List the prime factors of j.
317
What are the prime factors of (-10)/((-7)/((-28)/(-8)))?
5
List the prime factors of (-58 + -1)*4/(4/(-1)).
59
What are the prime factors of 57 - 11/((-22)/(-8))?
53
Let x(p) = 14*p + 35. Let d(b) = -5*b - 12. Let a(f) = -8*d(f) - 3*x(f). Let g be a(-6). Suppose -11 + g = -2*i. List the prime factors of i.
2
Let o(y) = -5*y - 6. Let x be o(-3). What are the prime factors of (-6)/x*-3 + 13?
3, 5
Suppose -m + 3 = 0, -m - 2*m = a - 17. Let q be 18/a + (-5)/20. What are the prime factors of (1/q)/((-2)/(-36))?
3
Let a(v) = 2 - 2 + 5 - 2*v - 3. What are the prime factors of a(-5)?
2, 3
Let n(s) = s**2 + 8*s. Let l be n(-9). Let h(v) = v**3 - v**2. Let f be h(1). Suppose -4*b + 37 - l = f. What are the prime factors of b?
7
Suppose -59 = -5*g - b, 0*g = -4*g + 3*b + 32. Let j be ((-30)/(-25))/(1/(-5)). Let p = g + j. List the prime factors of p.
5
Let a(p) = -p - 4. Let r be a(-4). Suppose 4 = b - r. List the prime factors of b.
2
Let u(z) = -z**3 + 10*z**2 - 8*z - 7. Let l be u(9). Suppose l*k - 5 = k. Suppose -2*o = 2*o - k*r - 20, -2*r - 20 = -4*o. List the prime factors of o.
5
Suppose t + 58 - 9 = 0. Let w = t + 87. What are the prime factors of w?
2, 19
Let u = 3 + 7. List the prime factors of 76/u - 12/(-30).
2
Suppose 0 = -2*w + 73 + 137. Suppose 0 = -3*z + 5*f + w, 0 = -2*z - 3*z + 2*f + 156. Suppose 2*a - z = -a. List the prime factors of a.
2, 5
Suppose 0 = -5*h + w + 2*w - 16, -2*h = 2*w. List the prime factors of h/4 + 13/2.
2, 3
Let y(d) = d + 1. Let i(w) = w**3 - 7*w**2 + 7. Let t be i(7). List the prime factors of y(t).
2
Let g = 188 - 80. List the prime factors of g.
2, 3
List the prime factors of ((-4)/(-26) - 0) + (-16029)/(-169).
5, 19
Let k = -4 - -2. Let r = k - -4. What are the prime factors of ((-3)/r)/(2/(-12))?
3
Suppose q + 54 = 3*q. What are the prime factors of q?
3
Let l be (4/6)/((-4)/(-174)). Let d = 4 - -1. Suppose t - 3*i = d*t - l, 0 = -5*t - i + 39. What are the prime factors of t?
2
Let s be 2 - (-2)/((-4)/(-2)). Let i be s/(9/6) + 2. Suppose -i*g - 2 = -14, 2*g = 4*a - 6. List the prime factors of a.
3
Suppose 2*s = 4*o + 3*s + 3, -3*s = -5*o + 9. Let q(x) = x**3 - x**2 + 1. Let d be q(o). Suppose -2*n = -5 - d. List the prime factors of n.
3
Let m(o) = 14*o**2. What are the prime factors of m(-1)?
2, 7
Suppose -4*n + 2*r = -60, 4*n - 38 - 26 = r. Suppose l - 65 + n = -4*v, -36 = -3*v + l. Suppose -4*z = -v - 16. What are the prime factors of z?
7
Suppose -37 = -5*m + 38. Suppose -2*w - m = -5*w. Suppose -3*d - 46 = -w*d. What are the prime factors of d?
23
Suppose p = -3 + 8. Suppose 2 = -5*k + 7, 0 = p*u + 3*k + 17. What are the prime factors of u/14 + 58/7?
2
Let n(i) = -4*i. Let z be n(-2). Suppose 4 = -4*g + z. Suppose 8 = 3*s - g. What are the prime factors of s?
3
Let z = 9 - -14. List the prime factors of z.
23
Suppose 2*w - 71 = -7. List the prime factors of w.
2
Let z(h) = h. Let o be z(3). List the prime factors of o/((-9)/(-6)) + 8.
2, 5
Let r(s) = s**2 - 13*s - 12. What are the prime factors of r(17)?
2, 7
Let m(z) = 2*z**3 - 2*z**2 - 2*z + 3. Let v = -3 - -4. Let t be v/(-4) + (-9)/(-4). What are the prime factors of m(t)?
7
Let k(j) = 49*j + 1. What are the prime factors of k(1)?
2, 5
Suppose 4*y = 3*v + 2*y - 19, 0 = 5*v - 3*y - 32. Let d(r) = r**2 - 5*r - 10. Let n be d(v). Suppose n*c + 0*c = 40. List the prime factors of c.
2, 5
Let p = 14 - -44. Let f(n) = -4*n - 3. Let i be f(-2). Suppose -i*d - 73 = -4*t, -4*t + 0*d = -2*d - p. What are the prime factors of t?
2, 3
List the prime factors of (9 + 3